mon factor of 32 and b?
8
Suppose -69 = -2*r + 17. Calculate the highest common divisor of 301 and r.
43
Suppose c + 3 = 0, 0 = 5*i - c - 101 - 202. Suppose -2*v - 60 = v. Let r = v + i. What is the highest common divisor of r and 60?
20
Suppose -5*c = -302 - 193. Let y(q) = -33*q. Let k be y(-2). Calculate the greatest common divisor of c and k.
33
Let u(l) = 9*l - 2. Let b be u(2). Suppose 15 = -y - b. Let c = 24 - y. What is the greatest common divisor of 22 and c?
11
Let v = -105 + 255. What is the highest common divisor of v and 90?
30
Let p be ((-31)/(-93))/((-3 - -2)/(-18)). Let r be (-2)/(-6) - 142/(-6). Calculate the greatest common factor of r and p.
6
Let w(s) = -2*s - 6*s + 7*s - 5*s - 13. Let b be w(-7). Let t = 7 - -80. What is the greatest common factor of t and b?
29
Suppose -993*n + 1010*n = 476. Calculate the highest common factor of n and 308.
28
Let v(c) = c**3 + 3*c**2 + c - 1. Let w be v(-3). Let y be -2*(68/(-8) - w). What is the greatest common divisor of 9 and y?
9
Suppose -5*a + 37 = -a - 5*s, 4*a + s - 55 = 0. Calculate the greatest common divisor of a and 39.
13
Suppose 4*r + 54 = -2*a + 236, -r = -5*a + 411. Let u = -53 + a. Suppose -q = -3*o + 28, o - 6 = -2*q + 8. What is the greatest common factor of u and o?
10
Let y = 1 - -5. Suppose -3*a + 20 = 5*w, 0 = -0*a - a - 2*w + y. What is the greatest common factor of a and 10?
10
Suppose -5*w + w = -480. Let u be 3*(-24)/(-90) + 71/5. Suppose 0 = 5*d - 4*d - u. Calculate the greatest common divisor of d and w.
15
Let n(q) = -q**2 + 30*q - 35. Let l be n(28). What is the greatest common factor of 168 and l?
21
Let t = 91 - -2187. Suppose -116 = -14*w + t. Calculate the greatest common divisor of w and 9.
9
Suppose 42 = -n + 3*t, 0*t + 4*t = 2*n + 86. Let i = n - -49. Calculate the highest common factor of 12 and i.
4
Let u(t) = 222*t - 48. Let c be u(4). Calculate the highest common factor of 24 and c.
24
Let c(a) = 0*a + 658*a**2 - 647*a**2 + a**3 - 26 - 3*a. Let t be c(-11). Calculate the greatest common factor of 112 and t.
7
Suppose 3*j + 4 = 13. Suppose y - 8 + j = 0. Suppose 5*q + y - 10 = 0. Calculate the highest common divisor of 1 and q.
1
Suppose -5*m + 189*a + 59 = 185*a, 50 = 2*m + 5*a. What is the highest common divisor of m and 51?
3
Let a = -414 - -435. Calculate the greatest common divisor of 609 and a.
21
Suppose -4*y - 6 = 6, -5*y = 4*n + 11. Suppose 2*z + 1 = -n. Let l be ((-63)/(-14))/(z/(-12)). What is the highest common factor of l and 36?
18
Suppose -12*r = -15*r + 90. What is the highest common divisor of 45 and r?
15
Let t = 234 - 225. Suppose 70 = 2*z - 128. Calculate the highest common factor of z and t.
9
Let h be (-25)/(-20)*4*-2. Let t be h/(-35) + 220/14. Let w be 2/4*(62 + 2). Calculate the highest common divisor of t and w.
16
Let l be 78/6 - 2*(-1)/(-2). Suppose 5*t + 219 + l = 3*g, 5*g - 4*t = 385. Calculate the greatest common divisor of 22 and g.
11
Let y = 173 - 27. Suppose 10*t + y = 1296. Suppose -36*h + t = -31*h. What is the greatest common factor of h and 161?
23
Let d be 5 + 198 - (4 + (-4 - 4)). What is the greatest common divisor of d and 138?
69
Let r be (-9)/(-3) - (0 + 1). Let o be (-496)/(-14) - 45/105. Let n be (-60)/o*14/(-3). What is the greatest common divisor of n and r?
2
Let x = 187 - 106. Let k(r) = -r**3 + 10*r**2 - 17*r - 19. Let j be k(7). What is the greatest common factor of j and x?
9
Suppose -24 - 61 = 5*f. Suppose 11*i - 6*i = -20. Let a = i - f. Calculate the highest common divisor of 52 and a.
13
Let t = -666 - -463. Let g = 385 + t. Let h(p) = -7*p - 9. Let u be h(-5). Calculate the greatest common factor of g and u.
26
Suppose -4*w + v + 751 = w, 4*w - 604 = 4*v. Let o be (2*4)/(15/w). What is the highest common divisor of o and 10?
10
Suppose -r = -3*y - 13, y - 23 = -2*r + 6*y. Let m(z) = 76*z**2. Let j be m(1). What is the greatest common divisor of j and r?
4
Let c be -1 - 58/(-1) - 3. Let x = 230 - c. What is the highest common divisor of x and 16?
16
Suppose -2*z + 4*z - 780 = -q, -3*z + 1170 = -q. Let a(s) = -s**3 - 17*s**2 - 20*s - 25. Let i be a(-16). What is the greatest common factor of i and z?
39
Let z be (-1)/(-2) - (-85)/34. Suppose g = u + 47, 0 = 3*g - u + z*u - 121. What is the greatest common factor of g and 43?
43
Let q = 445 + -250. Suppose -2*l = -5*n + 51 - 114, -2*n + 162 = 4*l. What is the highest common factor of l and q?
39
Let w(b) = 27*b + 475. Let r be w(-16). Calculate the greatest common factor of r and 1204.
43
Suppose -f = -4, -3*v - v + 2*f = -64. Let a(l) = -l**3 - 3*l**2 - l - 1. Let z be a(-3). Suppose 52 + z = 3*j. Calculate the highest common factor of v and j.
18
Suppose 3 = -z + 4, 0 = -5*h + 4*z - 14. Let f be h*(10/(-4) + 2). Calculate the highest common factor of 5 and f.
1
Let u(d) = 3*d**2 - 10*d + 4. Let r be u(3). Suppose -p + 3 = -r. Calculate the greatest common factor of 4 and p.
4
Suppose -10 = -5*d + 3*o, -7*d + 2*d - 2*o = -35. Suppose 0 = 2*i - 4*i + 2. Calculate the greatest common divisor of d and i.
1
Let a(s) = s**3 - 4*s**2 - 8*s + 2. Let f be a(8). Suppose -3*n - 266 = -4*y, -5*y + f = -2*y - 5*n. Calculate the highest common factor of y and 34.
34
Let i = -19 + 59. Suppose 8 = -b + 3*d + 23, -5*b + 47 = -d. Suppose o + 2*n - 12 = -3*o, n + b = o. Calculate the greatest common divisor of o and i.
5
Let z = -58 - -85. Let s = 9 + z. Suppose 0 = -2*m - m + s. What is the highest common factor of m and 84?
12
Suppose -2*y + 0*y + 3*j = -2, 5*j = -2*y + 2. Let c(x) = x**3 - 5*x**2 - 2*x + 21. Let u be c(5). What is the highest common factor of y and u?
1
Let v(t) = -t**3 - 21*t**2 + 42*t - 42. Let g be v(-23). Calculate the greatest common divisor of g and 325.
25
Let v(k) = -k + 2. Let y be v(-2). Suppose -208 + y = -2*n. Suppose -5*m + 8*m - 102 = 0. What is the highest common divisor of n and m?
34
Let t(d) = 2*d**3 - 5*d**2 - 4*d - 17. Let a be t(5). What is the greatest common factor of a and 132?
44
Let f(k) = 19 + 3*k - 2*k - 17 + 25. Let h be f(-17). Let m = -2 - -12. Calculate the greatest common divisor of h and m.
10
Let w be 7*(3 - 25/(-7)). Suppose 9*a - w = 44. What is the greatest common factor of a and 70?
10
Let l(v) = -v**3 + 6*v**2 - 5*v. Let r be l(5). Let m = -177 + 513. Suppose 3*o + r*o = m. What is the greatest common divisor of o and 14?
14
Suppose 5*q - 1514 = -58*y + 60*y, -5*q - 3*y + 1529 = 0. What is the highest common factor of 16 and q?
16
Suppose -280 = 12*z - 20*z. Suppose 5*l - 4*x - 887 = -0*x, -3*x + 866 = 5*l. What is the greatest common divisor of z and l?
35
Let f(t) = -32*t - 30. Let m be f(-5). Let y = m - 112. Calculate the highest common divisor of 288 and y.
18
Suppose f = -0*f + 1. Let u be 149 + f/(-2)*-4. Suppose -u = -3*h + 80. Calculate the greatest common factor of h and 11.
11
Suppose 2*u - 7*u + 35 = -f, -5*f - 14 = -2*u. Let k be -1*u/((-14)/(-36)). Let b = k + 31. Calculate the highest common factor of 26 and b.
13
Let s be 4*-1 - (2 + 14/(-7)). Let b(p) = -3*p - 1. Let q be b(s). What is the highest common divisor of 121 and q?
11
Suppose f - 1 - 89 = 0. Suppose 3*a - 111 = -c, -3*a + 6*c + 102 = 4*c. What is the highest common factor of a and f?
18
Suppose -4*f - f + 254 = 4*c, -5*c = -3*f + 182. Suppose 0 = -2*z - 30*l + 26*l + 4, -5*l = 3*z - 8. Calculate the greatest common divisor of z and f.
6
Suppose 85 = n - 170. What is the greatest common factor of n and 102?
51
Suppose 4*g = -3*w + 185, -5*w = -2*w - 9. Calculate the greatest common factor of 11 and g.
11
Let c = 263 + -131. Suppose 0 = -3*r + r + 4*s + c, -2*s - 288 = -4*r. Calculate the greatest common factor of 111 and r.
37
Suppose 8*w = 2*w - 12. Let v be (-4 - w)*10/(-4). Suppose v*d = 43 + 2. What is the highest common factor of 81 and d?
9
Suppose -2*q - 4 + 14 = 0. Suppose -2*v + q = -19. Let m = -16 - -28. Calculate the highest common divisor of v and m.
12
Suppose -2*i + 2*b = -32, 0 = 13*i - 11*i - b - 28. Calculate the highest common divisor of 100 and i.
4
Let b be 6/24 - 503/(-4). What is the greatest common divisor of 819 and b?
63
Suppose 2*c + c - 2*u - 43 = 0, -4*c - 2*u = -48. Calculate the highest common divisor of 481 and c.
13
Let r = 1461 + -1329. What is the highest common divisor of 176 and r?
4